*t - 2 = 1. Let c be (-81)/t - (-2 - -2). Suppose 6*b + 4*i = b + c, -48 = -3*b - 3*i. What is the remainder when 50 is divided by b?
16
Suppose 130 = 5*n - 7*f + 2*f, 2*n - 3*f = 55. Calculate the remainder when 111 is divided by n.
19
Suppose -4*n + 2*m = -n - 38, -3*n = 3*m - 48. Let h = -1 + n. What is the remainder when 24 is divided by h?
11
Let a be 4*9/12 - 3. Suppose a = -2*k + 2*m + 2, -4*m + 2*m = -10. Suppose 4*d = 2*u + 12, -4*d = u - 2*d - 14. What is the remainder when k is divided by u?
2
Suppose 4*k + 3*x - 20 = 0, k + 2*x + 6 - 16 = 0. Suppose k*s + 10 = -5*t, 5*t + 5 + 5 = -4*s. What is the remainder when 2 is divided by 2 + (2/(-2) - s)?
0
What is the remainder when 10 is divided by (-25)/(-3) + (32/(-12))/8?
2
Calculate the remainder when (-20)/(-3)*(101/5 - 7) is divided by 23.
19
Suppose -5*n = 4*m - n - 128, -m + 52 = -4*n. What is the remainder when m is divided by 19?
17
Suppose 0*p = -3*w + 4*p - 6, 4*w - 14 = -2*p. Suppose 14 = -0*j + w*j. Let o(z) = -4*z - 8. Calculate the remainder when o(-7) is divided by j.
6
Let f be 24 + (-1*3)/(-3). Suppose -3*v = -2*v - f. Calculate the remainder when 30/v*(-100)/(-6) is divided by 11.
9
Let w = -5 - -5. Suppose w = 2*i - 2. Let a = i + 4. What is the remainder when a is divided by 2?
1
Let y(n) = 4*n**2 + 6 + 6*n + 3*n**2 - n**2 + n**3 - 1. Suppose t + t + 8 = 0. Calculate the remainder when y(t) is divided by 7.
6
Suppose -b = -2*b + 8. Let q be (6 + 2 - 1)*-7. Let i = -34 - q. What is the remainder when i is divided by b?
7
Let z(o) = 1 + 8*o - 2*o + 4*o. What is the remainder when z(3) is divided by 17?
14
Suppose 3*f = -3*p + 27, 4*p + 3*f = 22 + 14. What is the remainder when p is divided by 4?
1
Let s(w) = -44*w - 3. Let o be s(-2). Suppose -4*l - 4*k + 140 = 0, l = 3*l - k - o. Suppose -2*r = 2*r - l. What is the remainder when 29 is divided by r?
9
Let s(f) = 2*f + 9. Let m be s(-6). What is the remainder when 45 is divided by (3/1)/m - -24?
22
Suppose -4*w = 4*p + 8, -5*w - 25 = -0. Suppose -p*r + 29 + 82 = 0. What is the remainder when r is divided by 2 + 11*(-3 + 4)?
11
Suppose -4*y + 11 = -r - 1, 4*r + 4*y - 32 = 0. What is the remainder when 13 is divided by r?
1
Let d(b) = 2*b**3 + 17 + 3*b**3 - 4*b**3 - 14*b**2. Calculate the remainder when d(14) is divided by 9.
8
Let s = 4 + 1. Let n(h) = -h**3 + 6*h**2 - 3*h - 7. Let c be n(s). Suppose -12 + 87 = c*u. What is the remainder when u is divided by 9?
7
Let v = 10 + -12. Let s = -5 - 2. Let m = v - s. Calculate the remainder when 9 is divided by m.
4
Let f = 5 + -5. Let z = 7 + f. Calculate the remainder when z is divided by 4.
3
Let f be ((-15)/4)/((-3)/8). Suppose 37 = 5*t - 48. Calculate the remainder when t is divided by 92/f + 1/(-5).
8
Let x(f) = -f**2 - 2*f - 4. Let y be x(-3). Let l(p) = 2*p**2 + 3*p - 5. What is the remainder when l(4) is divided by (-21)/y - -1*17?
19
Suppose -5*v = -10*v + 370. Suppose -2*t + 60 = -5*o, -2*t + 0*t - 3*o + 44 = 0. What is the remainder when v is divided by t?
24
Let n(s) = -s**2 + 5*s + 8. Let p be n(7). Let i = 14 + -7. What is the remainder when -39*((-6)/(-3))/p is divided by i?
6
Suppose -3 = 4*v - 11. Let i be (0 - -8)*1/v. Calculate the remainder when 43 is divided by (5/i)/((-2)/(-24)).
13
Let g(n) = -n**2 - n + 27. What is the remainder when g(0) is divided by 1*(-4 + 3)*-14?
13
Suppose -3*s - 4*p + 96 = 30, p - 3 = 0. What is the remainder when s is divided by 5?
3
Suppose -7*w - 36 + 141 = 0. What is the remainder when ((-21)/2)/((-1)/4) is divided by w?
12
Let u(g) = g**3 + 7*g**2 - g - 3. Let q be u(-7). Let t(z) = 2*z - 3. Let f be t(q). Suppose -50 = -f*j - 0*j. What is the remainder when 28 is divided by j?
8
Suppose -5*c + 20 = 0, -4*v - 2*c = -c - 16. What is the remainder when 68 is divided by v?
2
Let y = 67 - 42. Calculate the remainder when y is divided by 13.
12
Suppose 0 = -2*q - 2*q + 3*d + 101, -5*d - 21 = -q. Calculate the remainder when 127 is divided by q.
23
Suppose 0 = -s - 4*b - 22, -4*s + 3*b + 6 = -1. Let u(z) = 3*z**2 + z. Calculate the remainder when u(s) is divided by 3.
1
Let n be (-442)/(-6) - 5/(-15). Suppose -2*x - 19 = -3*x - 4*v, -2*x = -4*v - n. Let l = -13 - -21. What is the remainder when x is divided by l?
7
What is the remainder when (144/(-80))/(2/(-60)) is divided by 14?
12
Let z(a) = 0 + 4 - 3 + 9*a. Let g = 6 - 3. Calculate the remainder when z(g) is divided by 15.
13
Suppose -3*b = -8*b, 4*b = 3*q - 78. Suppose -2*d + 34 - 2 = 4*y, 0 = -4*y - 5*d + 38. What is the remainder when q is divided by y?
5
Suppose 2*h = 3*n + 4*h - 14, 4*n - 20 = -2*h. Calculate the remainder when 17 is divided by n.
5
Let t(c) = c**3 + 8*c**2 - c - 4. Let d be t(-8). Suppose 0 = d*f - 7*f + 3. What is the remainder when 13 is divided by ((-14)/8)/(f/(-4))?
6
Suppose 0*a = a - 2. Suppose -4*w + 8 = -a*w. Calculate the remainder when 7 is divided by w.
3
Suppose 4*c - 5*r = -11, 2*r + 0 - 5 = c. Suppose -6 = -p + c. What is the remainder when p is divided by 5?
2
Let q be (-1 - -23)/2 + -3. Suppose 8 = 2*n - q. Calculate the remainder when 23 is divided by n.
7
Let z(g) = -2*g**3 + 2*g**2 + 3*g + 2. Let w(n) = -n + 5. Let u be w(7). What is the remainder when 79 is divided by z(u)?
19
Suppose 4*m = 3*m + 20. Let y(b) = 2*b**2 - 5*b - 10. Calculate the remainder when y(8) is divided by m.
18
Let f(i) = -i**3 - 2*i**2 + 2. Calculate the remainder when 65 is divided by f(-3).
10
Suppose 5*p - 16 - 4 = 0. Suppose 2*o = -2 + p. What is the remainder when 2 is divided by o?
0
Let k = -2 - -13. Calculate the remainder when k is divided by 4.
3
Suppose 0 = -0*u - 2*u + 214. Suppose -2*d = -2*f - 108, 6*d - 4*d - 3*f = u. Calculate the remainder when d is divided by 14.
13
Let g = 1 + 0. Suppose 49 - g = 3*v. Suppose -148 - 87 = -5*l. What is the remainder when l is divided by v?
15
Suppose 20 = -7*z + 2*z, -2*a + 96 = 2*z. What is the remainder when a is divided by 6?
4
Suppose 12 - 6 = -3*q. Let v = 11 - q. What is the remainder when 35 is divided by v?
9
Let t(f) = -f**3 - 9*f**2 + f + 17. What is the remainder when ((-1)/3)/((-2)/174) is divided by t(-9)?
5
Suppose -5*t = 5*l - 405, 3*l = -3 - 3. What is the remainder when t is divided by 14?
13
Suppose -187 = -2*n + 195. Calculate the remainder when n is divided by 49.
44
Suppose 2 - 1 = -g + 2*h, 4*g + 4*h = 32. Let t(a) = a + 11. What is the remainder when g is divided by t(-8)?
2
Let d(b) = -13*b + 3. Let k be d(2). Let a be (-2)/3 + 50/(-6). Let n = a - k. What is the remainder when n is divided by 8?
6
Suppose 3*h - 4*x = 37, 3*h - 3*x - 13 - 23 = 0. Calculate the remainder when 54 is divided by h.
10
Let n = 3 + -8. Let y(z) = -z**3 - 4*z**2 - 5*z - 1. What is the remainder when y(n) is divided by 13?
10
Let l = -1 + 2. Calculate the remainder when 4 is divided by l.
0
Let u(d) = -d**2 + 10*d - 7. Let p be u(9). Suppose x = -p*x + 72. Suppose -i + 141 = 2*i. What is the remainder when i is divided by x?
23
Suppose -y = s - 5*y - 10, -2*s + 4*y = -28. Suppose -3*d = -4*d + 34. Calculate the remainder when d is divided by s.
16
Let o = 67 - 29. What is the remainder when o is divided by 10?
8
Let r(h) = -3*h**3 - 22*h**2 - 3*h - 10. Let t(d) = 2*d**3 + 11*d**2 + 2*d + 5. Let f(a) = 3*r(a) + 5*t(a). What is the remainder when 16 is divided by f(11)?
4
Suppose 0 = l - 2*f - 11, 0*l = -5*l - 2*f + 43. Let q be ((-12)/15)/(2/(-5)). Suppose q*i - 1 - 9 = 0. Calculate the remainder when l is divided by i.
4
Suppose -z - 36 = -0*y - 2*y, 0 = -2*y - 2*z + 42. Let o = -11 + y. Let b = -12 - -27. What is the remainder when b is divided by o?
7
Let n = -3 - -13. Calculate the remainder when 23 is divided by n.
3
Let f(u) = u**2 + 2*u - 9. Let j be f(7). Let w = j + -28. Calculate the remainder when (0 + w)/(2/1) is divided by 5.
3
Suppose 50 = 3*g + 2. Let r = -13 + 17. Suppose 2*o = r*o - 60. Calculate the remainder when o is divided by g.
14
Let y = 8 - -51. What is the remainder when y is divided by 21?
17
Suppose 1 = 6*o - 95. What is the remainder when 28 is divided by o?
12
What is the remainder when (2 + (-2)/(-3))/((-2)/(-51)) is divided by 10?
8
What is the remainder when 2/6 + (-178)/(-6) is divided by 8?
6
Let v(m) = m**3 - m**2 - 2*m. Let k be v(3). Let h = k - -9. What is the remainde